hat is the ten thousands digit of 120399?
2
What is the hundred thousands digit of 1130347?
1
What is the hundred thousands digit of 186693?
1
What is the ten thousands digit of 12393534?
9
What is the millions digit of 6704243?
6
What is the hundreds digit of 137877?
8
What is the tens digit of 265185?
8
What is the units digit of 2997677?
7
What is the hundred thousands digit of 179227?
1
What is the ten millions digit of 11669235?
1
What is the hundreds digit of 595065?
0
What is the hundreds digit of 5307054?
0
What is the hundreds digit of 34844441?
4
What is the thousands digit of 1884232?
4
What is the thousands digit of 5527899?
7
What is the hundreds digit of 2092951?
9
What is the tens digit of 265960?
6
What is the hundred thousands digit of 198865?
1
What is the hundred thousands digit of 13303598?
3
What is the ten thousands digit of 16031063?
3
What is the hundred thousands digit of 4850576?
8
What is the millions digit of 1619231?
1
What is the hundreds digit of 52356?
3
What is the tens digit of 1041763?
6
What is the hundreds digit of 11663583?
5
What is the hundreds digit of 492515?
5
What is the tens digit of 42818?
1
What is the hundreds digit of 1102705?
7
What is the tens digit of 406278?
7
What is the tens digit of 5326342?
4
What is the ten thousands digit of 1571250?
7
What is the ten thousands digit of 4712299?
1
What is the hundred thousands digit of 666235?
6
What is the ten thousands digit of 2319352?
1
What is the units digit of 546821?
1
What is the hundreds digit of 7422082?
0
What is the hundreds digit of 9871067?
0
What is the millions digit of 4206112?
4
What is the hundreds digit of 301414?
4
What is the tens digit of 5392147?
4
What is the hundreds digit of 128259?
2
What is the thousands digit of 2481717?
1
What is the hundred thousands digit of 7099249?
0
What is the tens digit of 86790?
9
What is the thousands digit of 7019691?
9
What is the units digit of 6498588?
8
What is the hundred thousands digit of 187210?
1
What is the hundreds digit of 1676296?
2
What is the hundred thousands digit of 1242696?
2
What is the hundreds digit of 576889?
8
What is the units digit of 62602?
2
What is the units digit of 116787?
7
What is the tens digit of 198196?
9
What is the tens digit of 2799220?
2
What is the hundred thousands digit of 1465186?
4
What is the ten thousands digit of 23598206?
9
What is the units digit of 2517006?
6
What is the hundreds digit of 1486845?
8
What is the ten thousands digit of 955985?
5
What is the hundreds digit of 1019401?
4
What is the hundred thousands digit of 661007?
6
What is the ten thousands digit of 1105726?
0
What is the hundred thousands digit of 1399986?
3
What is the units digit of 2699231?
1
What is the tens digit of 1117228?
2
What is the hundreds digit of 1208?
2
What is the ten thousands digit of 11995026?
9
What is the thousands digit of 647098?
7
What is the ten thousands digit of 197049?
9
What is the hundreds digit of 210321?
3
What is the hundred thousands digit of 1009157?
0
What is the units digit of 34103300?
0
What is the units digit of 7520?
0
What is the hundreds digit of 208687?
6
What is the units digit of 7662055?
5
What is the thousands digit of 189030?
9
What is the ten thousands digit of 3556374?
5
What is the ten thousands digit of 952636?
5
What is the tens digit of 3770429?
2
What is the hundreds digit of 1766174?
1
What is the hundred thousands digit of 623263?
6
What is the tens digit of 273372?
7
What is the thousands digit of 1606949?
6
What is the thousands digit of 5374086?
4
What is the hundred thousands digit of 6197521?
1
What is the millions digit of 3697061?
3
What is the units digit of 250567?
7
What is the thousands digit of 432128?
2
What is the hundreds digit of 175518?
5
What is the hundreds digit of 807097?
0
What is the hundreds digit of 97619?
6
What is the units digit of 35690?
0
What is the hundreds digit of 12807393?
3
What is the hundred thousands digit of 1423143?
4
What is the tens digit of 9566988?
8
What is the hundred thousands digit of 568159?
5
What is the hundreds digit of 8051854?
8
What is the units digit of 7969?
9
What is the tens digit of 181245?
4
What is the units digit of 3606985?
5
What is the units digit of 209712?
2
What is the hundred thousands digit of 5704118?
7
What is the tens digit of 2498005?
0
What is the thousands digit of 3954749?
4
What is the tens digit of 1918793?
9
What is the hundred thousands digit of 2309147?
3
What is the hundred thousands digit of 1589575?
5
What is the hundreds digit of 668138?
1
What is the thousands digit of 5517489?
7
What is the hundreds digit of 192334?
3
What is the tens digit of 522008?
0
What is the thousands digit of 3025937?
5
What is the millions digit of 20328023?
0
What is the units digit of 839654?
4
What is the thousands digit of 586210?
6
What is the ten thousands digit of 10573888?
7
What is the hundred thousands digit of 5699437?
6
What is the hundred thousands digit of 385164?
3
What is the tens digit of 1490226?
2
What is the hundred thousands digit of 5138368?
1
What is the hundreds digit of 23422581?
5
What is the hundreds digit of 1686871?
8
What is the units digit of 7962341?
1
What is the hundred thousands digit of 357700?
3
What is the millions digit of 12433191?
2
What is the hundreds digit of 10273058?
0
What is the ten thousands digit of 69999?
6
What is the millions digit of 3652560?
3
What is the thousands digit of 982666?
2
What is the tens digit of 1198817?
1
What is the units digit of 136017?
7
What is the units digit of 7181465?
5
What is the units digit of 218105?
5
What is the units digit of 174258?
8
What is the thousands digit of 5308455?
8
What is the units digit of 82371?
1
What is the hundreds digit of 9138318?
3
What is the hundreds digit of 191578?
5
What is the ten thousands digit of 332622?
3
What is the ten thousands digit of 22052750?
5
What is the tens digit of 5425267?
6
What is the units digit of 23356905?
5
What is the tens digit of 344868?
6
What is the hundreds digit of 15734584?
5
What is the units digit of 165374?
4
What is the tens digit of 387016?
1
What is the units digit of 1750823?
3
What is the hundreds digit of 111070?
0
What is the tens digit of 379957?
5
What is the thousands digit of 75011?
5
What is the ten thousands digit of 4888400?
8
What is the millions digit of 3474767?
3
What is the thousands digit of 52999?
2
What is the ten thousands digit of 2182759?
8
What is the tens digit of 8751681?
8
What is the millions digit of 3992006?
3
What is the ten thousands digit of 98857?
9
What is the millions digit of 21701119?
1
What is the thousands digit of 44489?
4
What is the tens digit of 1220030?
3
What is the tens digit of 4826115?
1
What is the millions digit of 18476650?
8
What is the hundred thousands digit of 105434?
1
What is the ten thousands digit of 851270?
5
What is the hundreds digit of 493638?
6
What is the thousands digit of 265456?
5
What is the thousands digit of 3845935?
5
What is the hundreds digit of 2234674?
6
What is the hundred thousands digit of 153657?
1
What is the ten thousands digit of 1714361?
1
What is the tens digit of 3768759?
5
What is the units digit of 198653?
3
What is the hundreds digit of 111780?
7
What is the millions digit of 18319538?
8
What is the ten millions digit of 19674606?
1
What is the thousands digit of 3765461?
5
What is the ten thousands digit of 256350?
5
What is the hundred thousands digit of 616432?
6
What is the hundreds digit of 514554?
5
What is the tens digit of 21316887?
8
What is the tens digit of 10032402?
0
What is the ten millions digit of 10251227?
1
What is the ten thousands digit of 338439?
3
What is the tens digit of 1806336?
3
What is the ten thousands digit of 102442?
0
What is the thousands digit of 572515?
2
What is the tens digit of 15685344?
4
What is the hundreds digit of 7215326?
3
What is the ten thousands digit of 601216?
0
What is the thousands digit of 6575796?
5
What is the hundred thousands digit of 14986059?
9
What is the hundreds digit of 339969?
9
What is the units digit of 304275?
5
What is the units digit of 1843580?
0
What is the millions digit of 2615342?
2
What is the tens digit of 18345627?
2
What is the units digit